{"id":152,"date":"2018-10-07T15:52:49","date_gmt":"2018-10-07T15:52:49","guid":{"rendered":"http:\/\/kocoonmassage.com\/?page_id=152"},"modified":"2018-10-17T09:45:58","modified_gmt":"2018-10-17T09:45:58","slug":"descargas","status":"publish","type":"page","link":"https:\/\/kocoonmassage.com\/index.php\/descargas\/","title":{"rendered":"Descargas"},"content":{"rendered":"<div class=\"fusion-fullwidth fullwidth-box nonhundred-percent-fullwidth non-hundred-percent-height-scrolling\"  style='background-color: rgba(255,255,255,0);background-position: center center;background-repeat: no-repeat;padding-top:0px;padding-right:0px;padding-bottom:0px;padding-left:0px;'><div class=\"fusion-builder-row fusion-row \"><div  class=\"fusion-layout-column fusion_builder_column fusion_builder_column_1_3  fusion-one-third fusion-column-first 1_3\"  style='margin-top:0px;margin-bottom:20px;width:33.33%;width:calc(33.33% - ( ( 4% ) * 0.3333 ) );margin-right: 4%;'>\n\t\t\t\t\t<div class=\"fusion-column-wrapper\" style=\"padding: 0px 0px 0px 0px;background-position:left top;background-repeat:no-repeat;-webkit-background-size:cover;-moz-background-size:cover;-o-background-size:cover;background-size:cover;\"  data-bg-url=\"\">\n\t\t\t\t\t\t<div class=\"imageframe-align-center\"><span class=\"fusion-imageframe imageframe-none imageframe-1 hover-type-none\"><img loading=\"lazy\" src=\"https:\/\/kocoonmassage.com\/wp-content\/uploads\/2018\/10\/Captura-de-pantalla-2018-10-06-a-las-19.58.37-200x113.png\" width=\"200\" height=\"113\" alt=\"\" title=\"Captura de pantalla 2018-10-06 a las 19.58.37\" class=\"img-responsive wp-image-139\" srcset=\"https:\/\/kocoonmassage.com\/wp-content\/uploads\/2018\/10\/Captura-de-pantalla-2018-10-06-a-las-19.58.37-200x113.png 200w, https:\/\/kocoonmassage.com\/wp-content\/uploads\/2018\/10\/Captura-de-pantalla-2018-10-06-a-las-19.58.37-400x226.png 400w, https:\/\/kocoonmassage.com\/wp-content\/uploads\/2018\/10\/Captura-de-pantalla-2018-10-06-a-las-19.58.37.png 420w\" sizes=\"(max-width: 800px) 100vw, 400px\" \/><\/span><\/div><div class=\"fusion-clearfix\"><\/div>\n\n\t\t\t\t\t<\/div>\n\t\t\t\t<\/div><div  class=\"fusion-layout-column fusion_builder_column fusion_builder_column_2_3  fusion-two-third fusion-column-last 2_3\"  style='margin-top:0px;margin-bottom:20px;width:66.66%;width:calc(66.66% - ( ( 4% ) * 0.6666 ) );'>\n\t\t\t\t\t<div class=\"fusion-column-wrapper\" style=\"padding: 0px 0px 0px 0px;background-position:left top;background-repeat:no-repeat;-webkit-background-size:cover;-moz-background-size:cover;-o-background-size:cover;background-size:cover;\"  data-bg-url=\"\">\n\t\t\t\t\t\t<div class=\"fusion-text\"><h2>De lo que no hay duda, es de que <strong>todos se pueden beneficiar de una semana de descarga<\/strong>:<\/h2>\n<ul class=\"list-fit\">\n<li class=\"pos\">\n<h2>Permite la <strong>recuperaci\u00f3n de tus m\u00fasculos, articulaciones y tendones<\/strong>;<\/h2>\n<\/li>\n<li class=\"pos\">\n<h2>Permite la <strong>recuperaci\u00f3n de tu sistema nervioso central<\/strong>;<\/h2>\n<\/li>\n<li class=\"pos\">\n<h2><strong>Reduce el riesgo de lesiones<\/strong> por acumulaci\u00f3n de fatiga;<\/h2>\n<\/li>\n<li class=\"pos\">\n<h2><strong>Evita el estancamiento<\/strong> o el sobreentrenamiento;<\/h2>\n<\/li>\n<li class=\"pos\">\n<h2><strong>Incrementa tu fuerza<\/strong> y tu capacidad de progreso;<\/h2>\n<\/li>\n<li class=\"pos\">\n<h2>Mejora la respuesta adaptativa del m\u00fasculo (<strong>mayor crecimiento muscular<\/strong>);<\/h2>\n<\/li>\n<li class=\"pos\">\n<h2>Mejora tu estado de <strong>\u00e1nimo, motivaci\u00f3n y concentraci\u00f3n<\/strong>.<\/h2>\n<\/li>\n<\/ul>\n<\/div><div class=\"fusion-clearfix\"><\/div>\n\n\t\t\t\t\t<\/div>\n\t\t\t\t<\/div><\/div><\/div>\n","protected":false},"excerpt":{"rendered":"","protected":false},"author":1,"featured_media":0,"parent":0,"menu_order":0,"comment_status":"closed","ping_status":"closed","template":"","meta":{"_mi_skip_tracking":false,"_monsterinsights_sitenote_active":false,"_monsterinsights_sitenote_note":"","_monsterinsights_sitenote_category":0},"_links":{"self":[{"href":"https:\/\/kocoonmassage.com\/index.php\/wp-json\/wp\/v2\/pages\/152"}],"collection":[{"href":"https:\/\/kocoonmassage.com\/index.php\/wp-json\/wp\/v2\/pages"}],"about":[{"href":"https:\/\/kocoonmassage.com\/index.php\/wp-json\/wp\/v2\/types\/page"}],"author":[{"embeddable":true,"href":"https:\/\/kocoonmassage.com\/index.php\/wp-json\/wp\/v2\/users\/1"}],"replies":[{"embeddable":true,"href":"https:\/\/kocoonmassage.com\/index.php\/wp-json\/wp\/v2\/comments?post=152"}],"version-history":[{"count":5,"href":"https:\/\/kocoonmassage.com\/index.php\/wp-json\/wp\/v2\/pages\/152\/revisions"}],"predecessor-version":[{"id":219,"href":"https:\/\/kocoonmassage.com\/index.php\/wp-json\/wp\/v2\/pages\/152\/revisions\/219"}],"wp:attachment":[{"href":"https:\/\/kocoonmassage.com\/index.php\/wp-json\/wp\/v2\/media?parent=152"}],"curies":[{"name":"wp","href":"https:\/\/api.w.org\/{rel}","templated":true}]}}